mmon factor of 29413 and 201.
67
Calculate the highest common divisor of 32 and 6264.
8
What is the highest common factor of 481565 and 140?
35
What is the greatest common factor of 20 and 8335?
5
Calculate the highest common factor of 369634 and 58.
58
What is the greatest common divisor of 7945 and 205?
5
What is the greatest common factor of 1094341 and 34?
17
What is the greatest common factor of 3633 and 777?
21
Calculate the greatest common factor of 35680 and 640.
160
What is the highest common factor of 1175 and 13583?
47
What is the highest common divisor of 1614558 and 1122?
1122
What is the highest common factor of 19 and 536161?
19
What is the greatest common factor of 359567 and 2210?
221
What is the highest common factor of 33649 and 6479?
209
What is the greatest common divisor of 175 and 21425?
25
Calculate the highest common factor of 174752 and 256.
32
Calculate the greatest common divisor of 20007 and 494.
247
Calculate the greatest common divisor of 178296 and 3672.
408
What is the greatest common divisor of 3465 and 1771?
77
What is the highest common factor of 25047 and 9?
9
What is the highest common factor of 897006 and 66?
66
What is the highest common factor of 560282 and 63752?
1226
Calculate the greatest common divisor of 2342776 and 19.
19
What is the greatest common factor of 611 and 376?
47
What is the highest common divisor of 6875 and 16875?
625
What is the greatest common factor of 284 and 4049414?
142
Calculate the highest common divisor of 110 and 122892.
22
What is the highest common divisor of 190 and 23104?
38
What is the greatest common factor of 247 and 180388?
13
What is the greatest common divisor of 11286 and 88236?
1026
Calculate the greatest common divisor of 131481 and 63.
63
What is the greatest common divisor of 5320465 and 206?
103
What is the highest common factor of 257723 and 290?
29
Calculate the greatest common divisor of 50372 and 420.
28
What is the greatest common factor of 5950 and 15120?
70
Calculate the greatest common factor of 329866 and 101.
101
What is the greatest common divisor of 1950520 and 715?
715
Calculate the greatest common factor of 2660 and 16.
4
Calculate the highest common factor of 783636 and 42.
42
Calculate the highest common divisor of 56265 and 1485.
165
What is the highest common divisor of 18980 and 2210?
130
What is the greatest common factor of 3320 and 12035?
415
What is the highest common divisor of 27 and 67?
1
What is the highest common divisor of 1221 and 19943?
407
Calculate the highest common factor of 22656 and 142485.
177
What is the greatest common factor of 111154 and 894?
298
Calculate the highest common divisor of 11187 and 35145.
99
Calculate the greatest common divisor of 387468 and 72.
36
Calculate the highest common divisor of 48 and 1427844.
12
What is the greatest common factor of 414 and 107686?
46
What is the highest common divisor of 536590 and 115?
115
Calculate the greatest common factor of 2493 and 792.
9
Calculate the highest common factor of 185478 and 798.
114
Calculate the highest common factor of 11826 and 6642.
162
Calculate the greatest common divisor of 4012404 and 44.
44
What is the greatest common factor of 3 and 398793?
3
What is the greatest common divisor of 73654 and 259?
7
What is the highest common factor of 14682 and 24?
6
Calculate the highest common divisor of 36 and 20532.
12
Calculate the highest common factor of 100 and 195250.
50
What is the highest common divisor of 312 and 191841?
39
What is the greatest common divisor of 5175 and 200675?
575
Calculate the highest common factor of 726 and 704.
22
Calculate the greatest common divisor of 10443 and 4779.
177
What is the greatest common divisor of 89094 and 1209?
93
Calculate the highest common factor of 374728 and 1984.
248
Calculate the highest common factor of 117 and 303927.
39
Calculate the greatest common divisor of 882 and 737058.
294
Calculate the highest common divisor of 13377 and 2366.
91
What is the highest common factor of 15741 and 1219?
53
What is the highest common divisor of 57825 and 900?
225
Calculate the greatest common divisor of 2036073 and 222.
111
Calculate the greatest common divisor of 465773 and 7337.
253
Calculate the greatest common divisor of 1920 and 24808.
8
What is the greatest common factor of 19 and 185459?
19
What is the greatest common factor of 1028 and 324?
4
Calculate the highest common divisor of 21675 and 6800.
425
What is the greatest common divisor of 782 and 11084?
34
Calculate the greatest common factor of 47142 and 776.
194
What is the highest common divisor of 2370024 and 48?
24
Calculate the greatest common divisor of 1736 and 91728.
56
Calculate the highest common factor of 10150 and 1973160.
2030
What is the greatest common divisor of 12091 and 214?
107
Calculate the greatest common divisor of 2108 and 23064.
124
Calculate the highest common factor of 463131 and 918.
459
Calculate the highest common divisor of 227377 and 4.
1
Calculate the greatest common divisor of 324779 and 903.
301
What is the highest common factor of 119 and 33048?
17
Calculate the greatest common divisor of 24883 and 1639.
149
What is the greatest common divisor of 10458 and 1408842?
1494
What is the highest common factor of 1769 and 12139?
61
What is the greatest common factor of 1560412 and 644?
644
What is the highest common factor of 3240 and 447768?
648
Calculate the greatest common divisor of 61959 and 57.
57
Calculate the greatest common factor of 91036 and 44.
44
What is the greatest common factor of 477 and 495391?
53
What is the highest common factor of 30716 and 21?
7
What is the highest common divisor of 28002 and 104?
26
Calculate the greatest common divisor of 150142 and 8.
2
Calculate the highest common factor of 1419537 and 42.
21
Calculate the greatest common factor of 22 and 70411.
11
What is the highest common factor of 5 and 45730?
5
Calculate the highest common divisor of 157 and 2561455.
157
Calculate the greatest common divisor of 142058 and 7.
7
What is the greatest common divisor of 170119 and 17?
17
What is the greatest common factor of 606 and 103929?
303
What is the highest common divisor of 72 and 428?
4
Calculate the highest common divisor of 555 and 11400.
15
What is the greatest common factor of 24667 and 238?
17
What is the highest common divisor of 2418 and 327?
3
What is the greatest common factor of 3286 and 6014?
62
Calculate the highest common factor of 4 and 197288.
4
What is the highest common divisor of 280523 and 39583?
1721
What is the greatest common divisor of 3450 and 2484?
138
Calculate the highest common factor of 164 and 19359380.
164
Calculate the highest common divisor of 247 and 17225.
13
Calculate the greatest common factor of 69 and 7099272.
69
Calculate the highest common factor of 2950 and 3857125.
1475
Calculate the greatest common divisor of 26 and 25116.
26
What is the greatest common divisor of 1872 and 37024?
208
What is the greatest common divisor of 1676475 and 675?
225
Calculate the highest common divisor of 3156 and 204.
12
Calculate the highest common factor of 12370 and 3590.
10
What is the highest common divisor of 2489 and 19781?
131
Calculate the highest common divisor of 3458 and 665.
133
What is the greatest common divisor of 143 and 9?
1
Calculate the highest common factor of 900 and 533475.
225
Calculate the highest common divisor of 10736 and 112.
16
Calculate the highest common divisor of 514 and 8738.
514
What is the highest common factor of 63 and 7131348?
63
What is the highest common factor of 143 and 251?
1
Calculate the highest common divisor of 847 and 27069.
7
Calculate the highest common factor of 80434 and 26402.
614
Calculate the greatest common factor of 27334 and 3287.
173
Calculate the greatest common divisor of 11 and 350977.
11
What is the highest common factor of 396457 and 68?
17
Calculate the greatest common factor of 25 and 166325.
25
Calculate the greatest common factor of 6517 and 8911.
133
Calculate the greatest common divisor of 210 and 1282.
2
Calculate the greatest common divisor of 4 and 15107.
1
Calculate the greatest common divisor of 164509 and 187.
17
Calculate the highest common factor of 250 and 33610.
10
Calculate the greatest